{"id":22,"date":"2016-11-02T21:30:41","date_gmt":"2016-11-02T20:30:41","guid":{"rendered":"http:\/\/127.0.0.1\/wordpress\/?page_id=22"},"modified":"2020-11-24T11:42:34","modified_gmt":"2020-11-24T10:42:34","slug":"flilo","status":"publish","type":"page","link":"https:\/\/energieterre.com\/index.php\/flilo\/","title":{"rendered":"flilo"},"content":{"rendered":"<p>Le site de Flilo est proche de la ville Midelt et s\u2019appuie sur les ressources des sources de Tattouine.<\/p>\n<p>La site de Flilo est une r\u00e9habilitation, les \u00e9quipes Marocaines d\u2019Energie Terre et les partenaires ont proc\u00e9d\u00e9 \u00e0 la remise en \u00e9tat du site. L\u2019ONEE et Energie Terre sont actuellement en phase d\u2019\u00e9tude finale du raccordement au r\u00e9seau. L\u2019int\u00e9r\u00eat premier de cette installation est la faiblesse de l\u2019investissement pour une production de 1,7MW.<\/p>\n<p><img loading=\"lazy\" decoding=\"async\" class=\" wp-image-139 aligncenter\" src=\"https:\/\/energieterre.com\/wp-content\/uploads\/2016\/12\/SidSaid_Salle01_small-300x200-1-300x200.jpg\" alt=\"\" width=\"450\" height=\"300\" \/><\/p>\n<p>Le site dispose d\u2019un bassin de mise en charge d\u2019une conduite de 104m\u00a0 de hauteur de chute enterr\u00e9e et de trois b\u00e2timents.<\/p>\n<p><img loading=\"lazy\" decoding=\"async\" class=\"alignnone  wp-image-138 aligncenter\" src=\"https:\/\/energieterre.com\/wp-content\/uploads\/2016\/12\/Flilo_MCH-300x200-1-300x200.jpg\" alt=\"\" width=\"435\" height=\"290\" \/><\/p>\n<p>D\u2019une puissance de 1.450 kW, elle est \u00e9quip\u00e9e de deux turbines de 350kw et une de 750kW de type Francis.<\/p>\n<p>Les groupes de 1933, ont \u00e9t\u00e9 int\u00e9gralement r\u00e9habilit\u00e9s.<\/p>\n","protected":false},"excerpt":{"rendered":"<p>Le site de Flilo est proche de la ville Midelt et s\u2019appuie sur les ressources des sources de Tattouine. La site de Flilo est une r\u00e9habilitation, les \u00e9quipes Marocaines d\u2019Energie Terre et les partenaires ont proc\u00e9d\u00e9 \u00e0 la remise en \u00e9tat du site. L\u2019ONEE et Energie Terre sont actuellement en phase d\u2019\u00e9tude finale du raccordement [&hellip;]<\/p>\n","protected":false},"author":1,"featured_media":0,"parent":0,"menu_order":0,"comment_status":"closed","ping_status":"closed","template":"","meta":{"footnotes":""},"_links":{"self":[{"href":"https:\/\/energieterre.com\/index.php\/wp-json\/wp\/v2\/pages\/22"}],"collection":[{"href":"https:\/\/energieterre.com\/index.php\/wp-json\/wp\/v2\/pages"}],"about":[{"href":"https:\/\/energieterre.com\/index.php\/wp-json\/wp\/v2\/types\/page"}],"author":[{"embeddable":true,"href":"https:\/\/energieterre.com\/index.php\/wp-json\/wp\/v2\/users\/1"}],"replies":[{"embeddable":true,"href":"https:\/\/energieterre.com\/index.php\/wp-json\/wp\/v2\/comments?post=22"}],"version-history":[{"count":1,"href":"https:\/\/energieterre.com\/index.php\/wp-json\/wp\/v2\/pages\/22\/revisions"}],"predecessor-version":[{"id":145,"href":"https:\/\/energieterre.com\/index.php\/wp-json\/wp\/v2\/pages\/22\/revisions\/145"}],"wp:attachment":[{"href":"https:\/\/energieterre.com\/index.php\/wp-json\/wp\/v2\/media?parent=22"}],"curies":[{"name":"wp","href":"https:\/\/api.w.org\/{rel}","templated":true}]}}

<p>Le site de Flilo est proche de la ville Midelt et s’appuie sur les ressources des sources de Tattouine.</p>
<p>La site de Flilo est une réhabilitation, les équipes Marocaines d’Energie Terre et les partenaires ont procédé à la remise en état du site. L’ONEE et Energie Terre sont actuellement en phase d’étude finale du raccordement au réseau. L’intérêt premier de cette installation est la faiblesse de l’investissement pour une production de 1,7MW.</p>
<p><img loading="lazy" decoding="async" class=" wp-image-139 aligncenter" src="https://energieterre.com/wp-content/uploads/2016/12/SidSaid_Salle01_small-300x200-1-300x200.jpg" alt="" width="450" height="300" /></p>
<p>Le site dispose d’un bassin de mise en charge d’une conduite de 104m  de hauteur de chute enterrée et de trois bâtiments.</p>
<p><img loading="lazy" decoding="async" class="alignnone  wp-image-138 aligncenter" src="https://energieterre.com/wp-content/uploads/2016/12/Flilo_MCH-300x200-1-300x200.jpg" alt="" width="435" height="290" /></p>
<p>D’une puissance de 1.450 kW, elle est équipée de deux turbines de 350kw et une de 750kW de type Francis.</p>
<p>Les groupes de 1933, ont été intégralement réhabilités.</p>

<p>Le site de Flilo est proche de la ville Midelt et s’appuie sur les ressources des sources de Tattouine. La site de Flilo est une réhabilitation, les équipes Marocaines d’Energie Terre et les partenaires ont procédé à la remise en état du site. L’ONEE et Energie Terre sont actuellement en phase d’étude finale du raccordement [&hellip;]</p>
